it of m?
1
Let m = -383 - -2257. What is the hundreds digit of m?
8
Let i(o) = -o**3 + 7*o**2 + 6*o + 2. Let w(g) = -6*g**2 - 6*g - 2. Let p(v) = -4*i(v) - 5*w(v). What is the units digit of p(3)?
6
Suppose 5*h - 23 - 97 = 0. What is the tens digit of (0 + h)*(-3 - -7)/4?
2
Let m = 199 - -620. What is the tens digit of m?
1
Suppose 4*w - 4*r - 4 = 0, -4*w - r = -0*r - 9. Suppose -5*o + 10 = 3*m - 2*m, o = w. What is the tens digit of 45/(5 + -4 - m)?
4
Suppose -5*o = -66 - 19. Let t(w) = w**2 - 3*w - 8. Let y be t(-6). Let n = y - o. What is the units digit of n?
9
Let u = -90 + 93. Suppose -u*k + 527 = 5*f, f - 295 = 4*k - 1036. What is the units digit of k?
4
Let l(u) = -55*u + 462. What is the tens digit of l(-9)?
5
Let t = 13 - 9. Suppose 0 = t*p + 4*l - 28 + 116, -5*p + 2*l = 96. Let v = 28 - p. What is the units digit of v?
8
Let o = 1939 + -573. What is the hundreds digit of o?
3
Let t(o) = 47*o + 3. Let v be t(4). Suppose -2*g + 3*i = -93, -2*g + 6*g - 5*i = v. What is the tens digit of g?
5
Suppose -2 = -2*u + 2. Suppose z = -3*b - 7, -5*z = -5*b - 9 + 24. Let w = u - z. What is the units digit of w?
6
Suppose 10 = -6*v - 8. Let q(x) = 9*x**2 + 5*x + 3. What is the units digit of q(v)?
9
Suppose 2*k + 4*m = 496, 4*k - 4*m + 3*m = 974. Suppose 2*n + n = -3*t + 168, 4*n - k = t. What is the units digit of n*-1*45/(-36)?
5
Let w(k) = 9*k**2 - 9*k + 14. What is the hundreds digit of w(-7)?
5
Suppose 4*n - 4068 = 3208. What is the tens digit of n?
1
Let q = 1646 + 938. What is the hundreds digit of q?
5
Suppose 51 = -6*m - 63. Let x(u) = u + 27. Let g be x(0). Let r = m + g. What is the units digit of r?
8
Let k(q) = q**2 - 36. Let p be k(16). Suppose 4*x = v + p, v + 42 = 2*x - 66. What is the units digit of x?
6
Let y be (8 + -6)/(2/7). Suppose -y*w = -6*w - 74. What is the tens digit of w?
7
Suppose 0 = -4*j - 3*a + 468, -j - j - 5*a = -248. What is the units digit of (j/(-4))/((-1)/2)?
7
Suppose 25*x - 11771 = 3054. What is the hundreds digit of x?
5
Let k(t) = -t**2 - 12*t - 6. Let r be k(-5). Let z = r - 17. What is the units digit of 120/(-16)*z/(-10)?
9
Let m(j) = -j**2 + 43*j + 71. What is the tens digit of m(23)?
3
Let t = 14 + -9. Suppose t*z - 3 = 7. Suppose 0 = z*f - 11 - 51. What is the tens digit of f?
3
Suppose -21*u = -18*u + 543. Let i = u + 330. What is the hundreds digit of i?
1
Let z = 79 + -78. What is the tens digit of (339/(-9))/(z/(-3))?
1
Suppose 11 = 2*q + 15. Let z = 49 - q. What is the tens digit of z?
5
Let p be (-2)/((-4 + 3)*1). Suppose -10 = -p*r - 0*r. Suppose r = h + 4*h. What is the units digit of h?
1
Let j(a) = a**3 + 6*a**2 + 7*a. Suppose -2*p - p = 12. Let c be j(p). What is the units digit of 1/(c/(-2))*-54?
7
Suppose -s + 10 = 3*d + s, 3*d + 4*s = 14. Suppose 5*o + 48 = d*r - 134, r + 4*o = 117. What is the units digit of r?
1
Suppose -3*a - 4*x + 5 = 2, -2*a + 2*x = 12. What is the tens digit of 3*(4 + a) - -25?
2
Suppose -14 = -5*n - 3*g, -4*g + 6 = 4*n + g. Suppose -m + 52 = n*j - 318, -5*m = 10. Suppose 3*p + 33 = j. What is the units digit of p?
0
Let s = -2 + 5. Suppose 2*r + 3*y = 20 - 2, 12 = s*y. Suppose -4*c - r*w = -211, -4*c = w - 104 - 97. What is the units digit of c?
9
Let g(b) = 178*b - 54. What is the tens digit of g(2)?
0
What is the tens digit of (2 + -13646)*10/(-45)?
3
Let u = -13 + 14. Suppose -c - 3*p - 3 = -u, 3*p + 16 = c. Suppose v = -2*l + c, -l + 0*v - 4*v + 14 = 0. What is the units digit of l?
2
Let h = -6 + 26. Suppose 5*g + r - h = 0, g - 2*g - 7 = -2*r. Suppose k - g*t - 63 = -16, -3*k + 174 = 2*t. What is the units digit of k?
6
Suppose -y + 5*y = -40. Let f be y/35 + (-466)/(-14). Suppose j + 5*m = f, 0*j - 2*j - m = -57. What is the units digit of j?
8
Let o(n) = -n**3 + 19*n**2 + 9*n - 31. Let u(g) = 3*g**2 + 3*g + 1. Let d be u(-3). What is the hundreds digit of o(d)?
1
Let m be (-4)/(-1) - (-5 + 3 + -1). Let w = 13 - m. What is the units digit of w?
6
Suppose 3*z + 1 = 19. Let l be z/(-4) - (-140)/8. Suppose 0 = -h + l - 0. What is the units digit of h?
6
Let s be ((-36)/(-30))/(6/220). Let q be (-1009)/(-4) - 11/s. What is the tens digit of ((-1)/(-3))/(6/q)?
1
Let a(s) = -5*s - 78. What is the tens digit of a(-19)?
1
Let g(t) = -t**3 - 18*t**2 + 17*t - 8. Let f be g(-19). Suppose 34*c - 312 = f*c. What is the tens digit of c?
7
What is the hundreds digit of 598 - (12 + -13)/(-1)?
5
Let q(y) = -y**3 + 9*y**2 - 4*y - 7. Let l = -18 - -25. What is the units digit of q(l)?
3
Let f(j) = -j**2 - j + 2. Let w be f(0). Let s = 0 + w. Suppose -14 = s*y - 50. What is the tens digit of y?
1
Let x(b) = b**3 + 2*b**2 + 2*b - 8. Let s be x(4). Let r = s - -1. What is the units digit of r?
7
Let t(b) = b**3 - 8*b**2 - 15*b + 19. Let w be t(11). Suppose -2*y + 5 = -w. What is the hundreds digit of y?
1
Let q be 13/3 - 16/(-24). Let b(z) = 2*z - 5. Let y be b(q). Suppose -3*u + 37 = 4*s - 0*s, u - 27 = -y*s. What is the units digit of u?
7
Let u(s) = s**3 + s**2. Let l(z) = 5*z**3 + 6*z**2 - z + 138. Let r(t) = l(t) - 6*u(t). Let k be r(0). What is the units digit of (-24)/42 + k/21?
6
Suppose 3*u + 2*q + 10310 = 7*u, 3*u - 3*q - 7728 = 0. What is the units digit of u?
9
Suppose 0*j = -5*j + 25. Suppose 5*h - j = 3*p, 5*p = -2*h + 12 + 21. What is the tens digit of 48 + (h - (4 - 1))?
4
Let c(h) = 12*h**2 - 4*h + 2. Let q be 5*(5/30 + (-34)/60). What is the units digit of c(q)?
8
Suppose -4*c - 4 = -16. Suppose -2*r - c*r = -1540. What is the tens digit of r?
0
Let w(g) = 6*g**2 + 8*g - 10. Let z(p) = p**2 - p + 1. Let c(m) = w(m) - 2*z(m). What is the hundreds digit of c(7)?
2
Let k be (-2)/5*(3 - 8). Let l be 4/(-18) + (-3 - (-224)/36). Suppose k*x - x = l. What is the units digit of x?
3
Let q = 1726 - 2567. Let d = q + 385. What is the units digit of ((-6)/4)/(18/d)?
8
Suppose 4*g + y - 26 = 0, -3*g - 2*y = 6 - 28. Suppose 0 = 3*f - 6, i - g - 105 = -f. What is the hundreds digit of i?
1
What is the units digit of ((-1)/(6/(-4164)))/2?
7
Let c(g) = -g**3 - 6*g**2 - 6*g + 10. Let b be c(-8). Suppose -3*p + b = -6. What is the units digit of p?
4
Let b(h) = -h**3 + 6*h**2 - 7*h + 10. Let p be 5*(2/(-1) - -3). Let s be b(p). What is the units digit of 3 + (6 - (s - -2))?
7
Let u(w) = 8*w**2 - 3*w + 3. Let g(j) = -9*j**2 + 2*j - 2. Let m(k) = -4*g(k) - 3*u(k). Let l be m(1). Let o = l + 16. What is the tens digit of o?
2
Let r = 508 + 425. What is the hundreds digit of r?
9
Let g(d) = -d - 5. Let j be g(-10). Suppose 16 + j = v. What is the tens digit of v?
2
Suppose 41*p - 40*p = 27. What is the units digit of p?
7
Let x = 49 - 73. What is the tens digit of x/56 + (-2550)/(-21)?
2
Let f(i) be the second derivative of 0*i**2 + 3*i + 0 - 1/6*i**3. What is the units digit of f(-10)?
0
Let z(w) = 15*w**3 - w**2 + 27*w - 11. What is the hundreds digit of z(4)?
0
Let j(v) = v**2. Let k(r) = -4*r**2 + 3*r + 12. Let t(w) = -2*j(w) - k(w). What is the units digit of t(6)?
2
Let o(h) = 11*h**2 + h. Let m be o(-1). Let s = 18 - m. Suppose 2*l = -0*l + s. What is the units digit of l?
4
Let b be 42*((-14)/(-6))/7. Suppose -j + 0*j = 4*q + b, 3*j - 18 = 3*q. What is the tens digit of (127 - -1)*j/4?
6
Let r = 9 + 1. What is the units digit of 36/r - 3*(-6)/45?
4
Let r be 44/(-77) + 34/(-14). Let z be 1/r - (-21)/9. Suppose -z*i - 2*m + 50 = 0, 2*i - 2*m = -2*i + 124. What is the units digit of i?
9
Let i(n) = 5*n - 46. Let q(r) = -6*r + 45. Let d(b) = -5*i(b) - 4*q(b). What is the units digit of d(16)?
4
Let o(i) = 417*i**2 - 23*i - 44. What is the units digit of o(-2)?
0
Suppose 4*f - 5*m = -914 + 4990, -5*m - 5090 = -5*f. Suppose 0 = 2*j + j - f. What is the hundreds digit of j?
3
Let h = 0 + 2. Let o(k) = -3 + k**h + 7*k - 2 + 0. What is the units digit of o(-10)?
5
Suppose 112*g - 732 = 106*g. What is the hundreds digit of g?
1
Let d be (9/(-5))/((-5)/50 + 0). What is the hundreds digit of 3262/d - 4/18?
1
Suppose r + 3*v = 18, r - 5*v = -0*r - 6. Suppose 5*m = r*m - 8. Suppose 0 = 4*w - 3*c - 13, c + 1 = m. What is the units digit of w?
4
Let t = 1974 + -1319. What is the tens digit of t?
5
Let w(u) = -6*u**3 - 32*u**2 - 5*u + 13. What is the units digit of w(-7)?
8
Suppose -21*l - 705 = -3687. What is the hundreds digit of l?
1
Suppose -3*d = -124 - 56. Suppose 258 - d = 3*i.